 + 107*x - z - 639775 = 0, 5*z = 4*x - 1279577. Is x prime?
True
Suppose 28426 + 15764 = 10*a. Let s = -336 + a. Is s composite?
True
Is -91 + 77 + (2 - -21799) a prime number?
True
Suppose 6018324 + 12270660 = -0*f + 56*f. Is f prime?
False
Let v = 326358 - 122411. Is v a prime number?
True
Suppose -6*j + 11*j = 0. Suppose 2*s + j*s + 2*x = 6498, 12990 = 4*s + 2*x. Suppose -4*v = -v - s. Is v composite?
True
Let r(q) = 31878*q**2 + 18*q - 19. Is r(1) prime?
False
Is 4442/(7 + (-5445)/781) a prime number?
False
Let q = 46648 + 48241. Is q prime?
True
Suppose -l + 86 + 54 = -o, -551 = -4*l + o. Suppose 1300 = w - l. Is w a prime number?
False
Let y = 2130 + -2118. Let a(x) = 3150*x - 1. Let q be a(5). Suppose -3857 + q = y*l. Is l prime?
True
Let c(f) = -7*f + 3035. Let s be -3 + (2/(-1) - -5*1). Is c(s) prime?
False
Let n = -31699 - -50467. Suppose -3*g + 28151 = 2*f - 0*f, 2*f = -2*g + n. Is g composite?
True
Let b(p) be the first derivative of p**4/4 + 2*p**3/3 + p**2 + 5541*p - 61. Is b(0) a composite number?
True
Is ((-923)/78)/71 - 4365921/(-18) prime?
True
Let d be (-4)/(-10) + 2673/5. Let u be (29 + -2 - 4)/(10/(-120)). Let i = u + d. Is i a prime number?
False
Let b = 33 - 34. Let l be 21165/45 - b*4/6. Suppose 6*d - l + 69 = 0. Is d prime?
True
Let f(z) = 2*z**3 - z**2 - 7*z - 7. Let w(y) = y**3 - y**2 - y + 1. Let j(q) = f(q) - 3*w(q). Let k be j(-18). Suppose -12*x + 20014 + k = 0. Is x composite?
False
Let s(l) = -76*l**2 - l + 7. Let i be s(6). Let u = 4494 + i. Is u a composite number?
False
Let i(w) = 3*w + 25. Let x be i(6). Let z = 53 - x. Suppose 0 = -7*t + z*t - 6531. Is t composite?
True
Is (-227)/((-9)/5778*6) prime?
False
Is 1795 + -6*(1 + 0) - 6 a prime number?
True
Let r be (48/42)/2*7. Suppose -3*s - 112 = 2*y - 525, r*y - 3*s - 853 = 0. Is y composite?
False
Let f(k) = -147*k + 1474. Let z be f(10). Let r(x) = -8*x**2 + 1 + 3*x - x + 41*x**2. Is r(z) a prime number?
False
Is (-5 - 21/(-6))/(5/(-3076690)*1) a prime number?
False
Let x = 2112321 - 1445680. Is x prime?
False
Suppose -72*g = -1642597 + 263725. Is g a composite number?
True
Suppose 4*l - 15 = -15. Suppose -4*d + l*d = -11356. Is d prime?
False
Let d(r) = -678*r + 3469. Is d(-45) a prime number?
False
Is (17773170/35 + 3/21)*18/45 a composite number?
True
Let w(r) = -1491*r**3 - r**2 + 85*r + 40. Is w(-7) composite?
True
Let z(v) = -v**3 + 157*v**2 - 133*v - 76. Is z(71) prime?
True
Suppose 45*q - 2129648 = 879890 + 863567. Is q prime?
True
Is 6 - (661565/(-85) - (-4)/34) prime?
True
Let a be ((-46130)/(-105))/(4/138). Suppose 0 = 21*u - 8258 - a. Is u prime?
False
Is 10/(-6)*268490/150*-9 a prime number?
True
Suppose 4*v + 4*u + 36 = 0, 19 = -3*v - 5*u + 10*u. Is (-2*266956/v)/1 prime?
True
Let s(x) = -12 - 12 + 104*x**2 - 9*x - 4 + 23. Is s(-6) a prime number?
True
Suppose -4*k + 5*w + 232 = w, 3*w = 0. Let d = k + -44. Let p(l) = l**2 - 11*l - 19. Is p(d) a composite number?
False
Let t be (-936)/153 - -6 - (-812)/(-34). Is (224/t)/(-7) + 33730/6 composite?
False
Let k(w) = 4*w**2 - 3*w - 5. Let d be k(5). Suppose d = 2*h - 38. Is h a prime number?
True
Let f = 65020 + -37943. Is f a prime number?
True
Let d = 683 + -213. Let n = d - 324. Let u = n + -88. Is u composite?
True
Is -7 + 1 - 316466/(-2) prime?
True
Let l = 933 + -394. Is (-22)/l*-7 - 69879/(-7) a prime number?
False
Let k(j) = -54464*j + 1187. Is k(-21) a prime number?
True
Let z(j) = 1 - 3*j - 4 + j**2 - 6 - 5. Let i be z(6). Suppose 4*s - 254 = -2*u, -s + 537 - 29 = i*u. Is u composite?
False
Let k(o) = o**2 + 14*o + 18. Let w(f) = -f - 24. Let y be w(-12). Let r be k(y). Is ((-2)/r*-1)/(35/(-73605)) composite?
False
Suppose 280410*g - 562674 = 280404*g. Is g a composite number?
True
Suppose 7*t + 275 = -2*w + 2*t, 4*w = -t - 541. Let o be ((-1)/3)/(15/w). Is 12/(-8)*(-5146)/o composite?
True
Suppose -u + 3*n = -9, 3*u - 4*n = -2*u + 23. Suppose -u*v = -41*v + 94886. Is v a composite number?
True
Let f = 912559 + 1936264. Is f a prime number?
True
Let n(s) be the third derivative of s**4/12 + 7*s**3/3 - 129*s**2 - 2. Let q be 1 + -7 - (-1)/1. Is n(q) a composite number?
True
Suppose -52 + 15 = 37*l. Is l*(6 + 1615*-5) prime?
True
Suppose -213*o - 6*l = -216*o + 564549, 3*l = o - 188190. Is o prime?
False
Suppose 30*v = 37*v - 73640. Let o = v + -6103. Is o prime?
False
Let c = -4299 + 4294. Let v(g) be the first derivative of 202*g**3/3 + g**2/2 + 12*g - 1. Is v(c) a composite number?
True
Let y(u) = 10*u**2 - 425*u - 106. Is y(-67) a composite number?
False
Suppose 0 = 31*r - 23 - 39. Suppose 0 = 5*q + 5*u - 6140, -5*q + r*u + 2*u = -6149. Is q composite?
False
Is (-3)/5 - (70098/210)/((-1)/1217) composite?
True
Let k(v) = 152*v**2 + 45*v - 20. Let x be k(8). Let z = x + -5741. Is z a composite number?
False
Suppose -3380*f + 475305 = -3365*f. Is f composite?
False
Let i(j) = 526*j**2 + 194 - 2*j - 194 + 3*j. Let w be (-2)/(-8) - 30/(-40). Is i(w) composite?
True
Suppose -4*u = -3*u + 4*g - 150801, 0 = u - 5*g - 150792. Is u a prime number?
True
Suppose -142 + 138 = f + 5*m, 4*f + 5*m = 44. Is (72328/f)/((-4)/(-8)) a composite number?
False
Let r(j) = 5*j**3 - 22*j**2 - 263*j + 131. Is r(30) a composite number?
False
Suppose -29*c - 273*c - 274*c = -137064384. Is c prime?
True
Let r be (-17)/(680/(-16)) - 43903/(-5). Suppose -r = 39*p - 42*p. Is p a prime number?
True
Let s = 736 + -519. Suppose 5*w + 2*l = 1384, -2*l - 1372 = -5*w + 2*l. Let h = s + w. Is h a composite number?
True
Let g(x) = 158*x**2 + 27*x + 50. Let i(m) = -53*m**2 - 9*m - 17. Let v(q) = 6*g(q) + 17*i(q). Let o be 3 - ((-6)/(-2) - 6). Is v(o) a prime number?
False
Is 2*59802/(-27)*171/(-76) prime?
True
Let s(o) = 3*o - 20. Let h be s(0). Let b be 0 + -5 + h/(-5). Is 2/(-4)*(-1166 + (b - -1)) composite?
True
Suppose -f + 6*f - 1564372 = 1259983. Is f prime?
True
Let n be (11/(275/240))/((-1)/(-4710)). Suppose -21*r + n = -25953. Is r a composite number?
False
Suppose 0*d + 4*d - b = 1019, -d = -b - 251. Suppose 0 = -2*l - l + 3, 0 = -5*t - l + d. Suppose 0*s + 2*s - 99 = -p, 2*p = -s + t. Is s composite?
True
Suppose -3*d + 4*v = -v + 6, 0 = -d + 3*v - 6. Suppose 13498 = 5*s + d*r, -3*r - r + 2703 = s. Is s prime?
True
Is (2/9)/(((-40)/(-216))/5) + 63779 a composite number?
True
Suppose -297551 = -4*w + 9*m - 8*m, -2*w - 3*m = -148793. Is w a composite number?
True
Suppose -2*q + 691811 = 156*r - 155*r, 3*q - 5*r - 1037736 = 0. Is q a composite number?
False
Let w(a) = 139*a - 6. Let x be w(-20). Let s = 567 - x. Is s composite?
True
Let c be 10/(-15)*3/(-1). Suppose -c*a + 110 + 20 = -4*l, 0 = -l - 5. Suppose -a*d + 265 = -50*d. Is d a composite number?
False
Suppose -6*k - 21656 = 18520. Let a = 12860 + k. Suppose 5002 = 6*b - a. Is b a composite number?
False
Let k be 11/((-33)/(-12)) - 1. Suppose k*g = -a + g + 6160, 3 = 3*g. Is a a composite number?
True
Suppose -185*a = -190*a + k + 499739, -5*a + 499719 = 4*k. Is a a prime number?
False
Let f be 0/5 - 29575/5*2. Let s = 17163 + f. Is s composite?
False
Let w be 15/20 + (-206)/8. Let x(i) = -i + 58 - 22 + 3 + 18. Is x(w) composite?
True
Let y(o) be the second derivative of 8/3*o**3 + 59/2*o**2 + 31*o + 0. Is y(17) composite?
False
Suppose 2*o - 24096 = -4*a, 0 = 5*a + 5*o - 2*o - 30118. Let n = 3065 + a. Is n a prime number?
True
Let j be -1625 - ((-6)/2 - 1). Let m(h) = -h**3 + 10*h**2 - 14*h - 18. Let y be m(8). Is y/(-3) - j/3 composite?
False
Let v(i) = -i**2 + 3*i. Let m be v(2). Let s be ((-1445950)/44)/(-55) - 1/(-2). Suppose -2*u = -m*p - s, 1499 = 3*u + 2*u - 3*p. Is u a composite number?
True
Let b = 11067 - 5548. Is b a prime number?
True
Let q be ((-18888)/(12/3))/(-2) + 1. Suppose 570 + q = -4*i. Let w = i - -1914. Is w prime?
True
Let f(i) = 4*i**2 - 32*i + 40. Let z be f(8). Is (-2)/16 + 100845/z prime?
True
Suppose -8*l - 3*l + 986396 = -132645. Is l composite?
True
Let s(f) = 9*f**3 - 38*f**2 + 32*f + 59. Is s(18) a composite number?
True
Let z = 35 - 27. Let w(i) = i**2 - 6*i - 14. Let r be w(z). Suppose 4*h - r*d - 2*d - 3256 = 0, 2*h - 3*d - 1633 = 0. Is h prime?
True
Suppose 788084 + 2447859 = 119*g - 6356528. Is g prime?
False
Suppose 23*l + 237985 - 1201090 = 1217548. Is l a composite number?
False
Let f be (2/(-3))/(5/30). Let d(v) = 1